alculate v(3).
-10
Let a(g) = 1 - 3 - 3*g - 11 + 2*g. Calculate a(-9).
-4
Let b(a) be the first derivative of a**4/2 - a**3 + a**2/2 - a + 6. Let k be b(2). Let m(q) = -4 + 2 + 2*q - q. Calculate m(k).
3
Let c(m) = 2*m + 1. Let n = 75 - 77. Give c(n).
-3
Let z(l) = 14*l**3 + l**2 - 4*l. Let f(v) = -v**3 + v. Let q(w) = 3*f(w) + z(w). Give q(1).
11
Let c = 122 + -130. Let m(w) = -w + 3. Determine m(c).
11
Let f(z) = -z**3 + z**2 + z - 2. Let y(l) = -l**2 - 7*l + 8. Let d be y(-8). Let x be f(d). Let m(v) = 2*v**2 - 1. Give m(x).
7
Suppose k + 4 = -p, 6*p = 3*k + 2*p + 5. Let h(j) = -j + 8. Let m be h(6). Let v(o) = -6 + m*o + 13 - o. Calculate v(k).
4
Let b(o) = -o**2 + 2*o + 1. Suppose 2*p = w + 27, 8*p - 3*p - w - 63 = 0. Suppose 0 = 4*r - r - p. Give b(r).
-7
Let z(p) be the third derivative of -p**6/30 + p**5/60 + p**4/12 + p**3/6 - 7*p**2. Give z(-1).
4
Let l(g) = -4*g + 1. Suppose 4*v - 2*a = 10, 5*v + 2*a + 2*a = 45. Determine l(v).
-19
Let a be -2*(-1 + 10/4). Let f(v) be the third derivative of -v**5/60 - v**4/24 - v**3/3 - 7*v**2. Give f(a).
-8
Let p(l) = l - 3. Let v(n) = 3 + 0*n**3 + 3*n**3 + 3*n - 2*n**3 + 4*n**2. Let q be v(-3). Let c be p(q). Let h(j) = j + 5. Calculate h(c).
5
Let q(b) = -2*b**3 - 3*b**2 - 2*b + 2. Suppose 0 = -2*c + 6*c - 24. Suppose -f = -5*z + 11, 5*z - 2*f + 3*f = 9. Suppose -z*m - m = c. What is q(m)?
10
Let z(p) = 3*p**2 - 7*p + 2. Let v(b) = -b**2 - 1. Let s(r) = -2*v(r) - z(r). Calculate s(6).
6
Let j(l) be the first derivative of l**4/12 + l**3/3 + 2*l**2 - 4. Let f(y) be the second derivative of j(y). What is f(-6)?
-10
Let m(z) = z - 4. Let r = 8 + -17. Let k = 13 + r. Give m(k).
0
Let s(n) be the second derivative of -n - n**2 + 0 - 1/6*n**3. Let d(a) = a**3 + 3*a**2 + 2. Let g be d(-3). Determine s(g).
-4
Suppose 2*t = -4*q, -4 = -t + 4*q - 2*q. Suppose t*w + 2*w = 8. Let o = 1 + w. Let g(f) = f**3 - 2*f**2 - 3*f. Determine g(o).
0
Let d(p) = -p**2 - 4*p + 2. Let i be (-2 - (-21)/9)*9. Suppose -21 = i*y - 9. Determine d(y).
2
Let a(l) = -l**2 + 30*l + 1. Let f be a(30). Suppose -r = -5*r + 4. Let b(w) = 0 - 2 + w + r. Give b(f).
0
Let l(j) be the second derivative of -j**4/12 + j**3/6 + j**2 - 9*j. Calculate l(-2).
-4
Let g(f) = -3*f**3 + f**2 + f + 1. Let p(r) = 2*r**2 - 11*r - 7. Let j be p(6). Determine g(j).
4
Let g = 8 - 6. Let n(r) = 1 - r**3 - 2*r - 3 + 2*r**2 + g*r**2. Determine n(2).
2
Let l(a) = a + 13. Suppose -3*t = 2*h + 14, -2*h = 4*t - 0 + 20. Determine l(t).
7
Let p(q) be the first derivative of 1/3*q**3 - 3*q**2 - 4*q + 3. What is p(5)?
-9
Suppose 18 = 2*r - 0*r. Let i(o) = -47*o + 1 + 48*o + r. Give i(-7).
3
Let d(n) = -15*n - 11. Let i(w) = -17*w - 12. Let k(x) = -7*d(x) + 6*i(x). Give k(-4).
-7
Suppose 3*u + 16 = 2*y - 26, -4*y = 12. Let q be (-4)/u + (-46)/(-8). Let a = 4 - q. Let m(p) = -p + 2. Determine m(a).
4
Let w(p) = p**2 - p. Let r(c) = -c**3 + 8*c**2 - 5*c - 2. Let t(b) = -r(b) + 3*w(b). Suppose 2*f + 9 = 1. Let n = f - -6. Determine t(n).
-6
Let q(f) = -f - 3. Suppose -t + 3*i - 19 = 0, 2*t - 4*i = -16 - 16. Let w be q(t). Let m(b) = -b**3 + 7*b**2 + b - 1. Calculate m(w).
6
Let v(i) = -1 + 6 - 7 - i**2 - 6*i + 0*i**2. Determine v(-4).
6
Let q(y) = y**2 + 7*y + 8. Let x be q(-6). Let a(m) = 2*m**3 + 5*m**x + 2*m**3 + m + 2 - 5*m**3 + 2. Let d(v) = -v. Let r(z) = -a(z) - 6*d(z). Give r(4).
0
Let f = 29 + -35. Let m(p) = p + 11. Let y(a) = 2*a + 23. Let w(j) = 5*m(j) - 2*y(j). Determine w(f).
3
Let g(k) be the first derivative of 7*k**3/6 - k**2/2 + k - 3. Let u(f) be the first derivative of g(f). Calculate u(-1).
-8
Suppose -4*v = -9*v. Let w(k) = 14*k**2 + 4*k - 15*k**2 - 1 - k**3 - 5*k. Give w(v).
-1
Let h be (-2)/22 - (-1032)/(-264). Let g(w) = 5*w + 6 + w**3 + 0*w - 2*w + 4*w**2. What is g(h)?
-6
Let q(d) = 3*d + 96 + 3*d**2 - 2*d**2 - 94. Determine q(-2).
0
Let t = 6 - 1. Suppose 9 - 3 = 3*d. Let c(h) = 10*h - h**d - 3*h + 17 - 19. What is c(t)?
8
Let c be ((-16)/(-4) + -3)/1. Let s(d) = -4 + 8*d**3 - 3*d**3 + 3. Give s(c).
4
Let r(y) be the first derivative of y**4/4 - y**3/3 - y**2 + 1. Let o be 3/(-9)*(-16 - -1). Suppose 0 = -4*i + 2*l - 14, -2*l = 4*i - o*l + 17. Calculate r(i).
-8
Let m = -6 + 13. Suppose 3*b + 5*i - 22 = -0*b, 0 = -3*b - 2*i + m. Let s(n) = 5*n - 1. What is s(b)?
-6
Let s = -119 - -117. Let p(m) = m**2 - m - 1. Give p(s).
5
Let v(h) be the first derivative of h**4/4 + 5*h**3/3 + 3*h**2/2 - 4*h + 2. What is v(-3)?
5
Let x(a) be the third derivative of 0 + 1/3*a**3 - 1/120*a**6 + 2*a**2 + 0*a - 1/24*a**4 - 1/10*a**5. Calculate x(-6).
8
Let l(z) be the first derivative of -z**2/2 - 25. Calculate l(8).
-8
Let g(x) be the first derivative of x**2/2 - 5*x + 5. Give g(4).
-1
Let g = -17 - -34. Suppose -5*z - 8 = g. Let c(o) = o**3 + 5*o**2 - 2*o - 4. Give c(z).
6
Let b(q) = q**3 - 3*q**2 + 12 + 17 - 26 - q. Let m be 304/14 + 4/14. Let x be m/8 + 1/4. What is b(x)?
0
Let w(f) = -f**2 - f - 1. Let q(i) = -2*i**2 - 3*i - 2. Let y(k) = q(k) - 3*w(k). Let b = 529 + -525. What is y(b)?
17
Let g = -129 - -129. Let n(r) be the third derivative of r**6/120 + r**5/60 + r**4/24 - 7*r**3/6 + r**2. Calculate n(g).
-7
Let n(k) be the third derivative of -k**5/60 - k**3/3 + k**2. Let p = -5 - -6. Let i(u) = -3*u**3 + 2*u - 1. Let t be i(p). What is n(t)?
-6
Let a(o) be the third derivative of -5/6*o**3 + 2*o**2 - 1/6*o**4 + 0 - 1/120*o**6 - 1/12*o**5 + 0*o. What is a(-4)?
-5
Let b(z) = z**2 - 3*z - 4. Let t be b(4). Let p(y) = -2 + 2*y + t*y - 3*y - 3. What is p(-5)?
0
Suppose -3*g - q = -10 - 3, 2*g = -4*q + 22. Let l(x) be the second derivative of x**5/20 - x**4/6 - 5*x**3/6 + 2*x**2 - 35*x. Give l(g).
-2
Let x(z) = -z**3 - 12*z**2 - 10*z + 15. Suppose -t - 2*d - 21 = 0, 2*d = -5*t + t - 54. Let q be x(t). Let n(h) = -h**2 + 3*h - 4. Determine n(q).
-8
Suppose a = 4*c - 2*a + 4, 0 = -4*c + 4*a - 8. Let o(i) = i. Let b(f) = -2*f. Let t(z) = -2*b(z) - 5*o(z). What is t(c)?
-2
Let s(y) = -y**2 + 12*y - 12. Let g be s(9). Let a be (-80)/g - (-2)/(-3). Let f(i) = 2*i + 9. Determine f(a).
-3
Suppose 3*v - 4 = 5*g - 1, -3*g - 2 = -2*v. Let i(o) = 9*o + 2*o - 5*o. What is i(v)?
6
Let i(g) be the second derivative of g**5/20 + g**4/3 + 5*g**3/6 + 3*g**2/2 + 5*g + 4. Let c(r) = -r**2 - 2*r. Let h be c(-3). Give i(h).
-3
Let v(l) = l**3 + 4*l**2 + 3*l + 6. Let m = -11 - -10. Let r be ((-8)/6)/(m/(-3)). What is v(r)?
-6
Let k be (5/(-3))/((-8)/24). Let t be 5/k + (4 - 1). Let v(g) be the third derivative of g**6/120 - g**5/12 + g**4/12 + g**3/6 - g**2. What is v(t)?
-7
Let z be (8/6)/(2/6). Let u be (2 + 4)*2/z. Let s(k) = k**3 - 7*k**2 + 4*k - 1. Let n(w) = -w**3 + 6*w**2 - 3*w + 1. Let v(q) = -6*n(q) - 5*s(q). Give v(u).
11
Let c(n) = -2*n - 6*n**2 - 7 - 3 + n + 14*n. Let h(j) = 4*j**2 - 9*j + 7. Let i(a) = 5*c(a) + 7*h(a). Let s(x) = -x + 7. Let t be s(6). Give i(t).
-1
Let g(d) be the second derivative of d**4/12 - 2*d**3/3 + 2*d**2 + d. Let s(k) = -k**2 - 13*k - 11. Let u be s(-12). Let y = 5 - u. What is g(y)?
4
Let f(s) = -12*s - 12. Let j be 0*(-1)/(-2 + 0). Let a be -2*(j/(-1) + -5). Let h(c) = -4*c - 4. Let t(g) = a*h(g) - 3*f(g). Determine t(-3).
8
Let s be -4*((-4)/8 - 1). Let c(v) = v**2 - s*v - 1 + 0*v - 2*v**2. What is c(-5)?
4
Let m = 66 + -46. Suppose -l = -5*l + m, -20 = -5*v - 2*l. Let b(o) = -1 + 0*o + v*o - 3. Give b(-3).
-10
Suppose 0*v = 2*v + 2*l - 14, 2*v = -4*l + 18. Let r(z) be the first derivative of 6*z - 11 + 3/2*z**2 - 1/3*z**3. Calculate r(v).
-4
Let n(m) = -3*m**2 + 5*m - 4. Let i(a) = a - 1. Let f(v) = -4*i(v) + n(v). Suppose -3*s + 7 = -0*s + b, -3*s + 23 = 5*b. Calculate f(s).
-2
Suppose -3*z + 15 = -4*z. Let i be 5/z - (-5)/(-3). Let k(m) = m**2 + 2*m + 3. Determine k(i).
3
Let t be 3*(5/3 + -1). Let w(u) = -4*u - u**t + 0*u - 2*u - 6. Let r(b) = -b**2 - 3*b + 6. Let q be r(-5). Determine w(q).
2
Suppose 4*j + 12 = -j - 4*k, 0 = 5*k + 15. Let a(v) be the second derivative of 1/20*v**5 + 0*v**3 - 3*v**2 + 0 + 7*v + 0*v**4. Calculate a(j).
-6
Let h(k) = -k**3 + 41*k**2 - 1 - 21*k**2 - 21*k**2 - k + 0. What is h(-2)?
5
Let c(m) = -m**3 + 5*m**2 - 4*m + 2. Suppose r = -5*r + 18. Determine c(r).
8
Let c(z) be the first derivative of -z**2/2 + 2*z - 9. What is c(-6)?
8
Suppose -4*s + 12 = -0*s. Let f(j) = j**3 + 2*j**2 - 2*j**3 - s*j**2 +